0 = -w + 2*f + 1, 4 = -0*f + 4*f. Suppose w*n - 8 = -n. Suppose n*p + 0*p - 52 = -4*c, 4*p - c - 86 = 0. Is p composite?
True
Let q(h) = 1486*h**2 - 9*h - 140. Is q(-9) a prime number?
False
Suppose -31763 = -p - 25*t + 20*t, 2*p - 4*t - 63526 = 0. Is p a composite number?
True
Is 528759/378 - (-1)/6 prime?
True
Let f(h) = -4022*h + 24. Let k be f(-5). Suppose 3*z - c - k = -z, 6 = -3*c. Is z a prime number?
False
Let z(k) = -233*k + 41. Let w be z(6). Let d = w + 6264. Is d composite?
True
Suppose 0 = -w + 2*w - 4*j - 4, -4*w - 1 = j. Suppose 4*o - 5*g - 211 = w, g = -4*o + 347 - 106. Suppose 0 = 4*k - 5*m - 64, 4*m - 3*m + o = 3*k. Is k prime?
False
Let r(a) = 2*a**3 - 5*a**2 - 7*a + 5. Let h be r(-5). Is 1/(-2 - 675/h) a prime number?
True
Let f(y) = 5*y**2 - y. Let x be f(-1). Is (x - 5)/((-1)/(-211)) a composite number?
False
Let p(l) = l**3 - 2*l. Let u be p(2). Is (188/6)/(u/78) a composite number?
True
Let a(u) = 80*u**3 - u**2 - 8*u - 1. Let g(r) = -r**3 + 1. Let f(d) = a(d) - 6*g(d). Let n(o) = -o - 1. Let m(b) = f(b) - 6*n(b). Is m(2) composite?
True
Let i = 28988 - 19369. Is i prime?
True
Suppose 3*i - 4*i + 3626 = 0. Let b = i + -2067. Is b prime?
True
Let a(s) = 85*s + 43*s - 3 + 6 - 5. Is a(2) a prime number?
False
Suppose -x = 4*x + 5. Let a = 1 - x. Suppose 2*c + 4*l - 238 = 0, 0*c + 240 = a*c + 5*l. Is c a prime number?
False
Suppose 3*s - 3*a + 0 = -6, a = 4. Suppose 0*u + s*q = 4*u - 3324, -3324 = -4*u + q. Is u a prime number?
False
Let a = -1375 + 2402. Suppose v = -2*p + 4*v + 509, 0 = -4*p + 3*v + a. Is p composite?
True
Let x be 10/(-35) - (-192)/(-14). Let m = x + 10. Is 6090/8 - (-1)/m composite?
False
Let w(f) be the first derivative of -163*f**2/2 + 5*f + 1. Let c(z) = -z**3 + 9*z**2 - 20*z + 10. Let k be c(6). Is w(k) composite?
False
Let s(h) = -255*h - 20. Let n be s(7). Let x = -802 - n. Is x a composite number?
True
Let q(n) = 2*n**3 + 4*n**2 - 5. Let w(z) = -z**3 + z. Let y(m) = q(m) + w(m). Suppose -5*b = 2*p - 3, -2*p - 3*b + 9 = p. Is y(p) a prime number?
True
Suppose -2*z + 0*z = -0*z. Let g(t) = -t**2 + 35. Is g(z) a prime number?
False
Suppose 9 + 23 = -j. Is j/(-1) + 3 + -2 + 2 a composite number?
True
Suppose -87 + 7 = 4*s + 5*h, 4*h - 66 = 2*s. Let b = 10 - s. Is b prime?
False
Let q(s) = -137*s - 74. Is q(-15) composite?
True
Suppose 2*j + 1 = -3*t, 2*j - 6*j + 3*t = -25. Suppose -9 = j*q + 3, -8963 = -5*m - 4*q. Is m a composite number?
True
Is 15 - 9 - 4385*-1 composite?
False
Let r = 337 - -17446. Is r a prime number?
True
Let f(h) = -26*h + 9. Suppose 22*m - 20*m = -10. Is f(m) a prime number?
True
Let b(w) = 159*w - 2. Let u be b(1). Let v = -80 + u. Is v a composite number?
True
Let i(w) = 4*w**2 - 9*w + 16. Let q(l) = -7*l**2 + 19*l - 31. Let v(a) = -5*i(a) - 3*q(a). Let g be v(11). Suppose 8*r - g*r = 582. Is r a prime number?
True
Let b be 582/4*16/3. Suppose 0 = -3*t + 1 + b. Suppose 3*j - 268 = 2*a + 3, 3*j + 4*a = t. Is j a composite number?
False
Let t(g) be the third derivative of -3*g**6/40 - g**5/60 + g**4/24 - 5*g**3/3 + 15*g**2. Is t(-3) composite?
True
Let y be (-1 - 5881/2) + 3/(-6). Let r = y + 4324. Is r a prime number?
False
Suppose 0 = -8*k + 10*k - 42422. Is k a prime number?
True
Suppose -c + 5*q = 25, 25 = c + 4*q + q. Let f(w) be the third derivative of -w**6/120 + 161*w**3/6 + 2*w**2. Is f(c) a prime number?
False
Let w = -7 - -7. Suppose w = 2*z - 5*z + 135. Let v = z + 192. Is v composite?
True
Suppose 0 = 4*l - 9*l + 2*n + 16321, 4*l - 5*n = 13067. Is l composite?
True
Let t(n) = 11*n**3 - 13*n**2 + 5*n - 19. Is t(10) composite?
True
Suppose -3*u = -5*u - 5*p - 3, -20 = -4*p. Let w = u + 19. Suppose -w*b + 0*b - 1412 = -3*c, 4*b = 5*c - 2375. Is c composite?
False
Suppose -a + 2*f - 22520 + 70001 = 0, a = -2*f + 47501. Is a prime?
True
Let k(c) = 17*c + 57. Is k(17) prime?
False
Let f = 49 - -1636. Is f a composite number?
True
Suppose z = -2*z + 34197. Is z prime?
True
Suppose -1594 = 84*i - 86*i. Is i a prime number?
True
Suppose 5 = k, 9 + 43 = 4*g + 4*k. Suppose 0 = -g*h + 10*h - 3418. Is h composite?
False
Let y = 29481 + -21020. Is y a prime number?
True
Suppose 4*v - 276219 = 5*l, 18*l - 17*l = -5*v + 345310. Is v a composite number?
False
Let y = -103 - -101. Is (-4107)/y - 5/(-60)*-6 prime?
True
Suppose 0 = -3*y + 34 + 29. Is y/35 - (-7160)/25 a composite number?
True
Let p(d) = -d**2 + 37. Let z = -25 + 25. Is p(z) a prime number?
True
Suppose 2*k = -3*f + 15, 1 = 5*f + 3*k - 23. Is (252*7)/f + 2 + -3 a prime number?
True
Suppose -2*u - 99 = u. Let y be ((-22)/u)/(1/(-8028)). Is ((-1)/4)/(6/y) a composite number?
False
Let j = 541 + -323. Let l = 600 + j. Is l composite?
True
Let w = -22 + 35. Suppose -w*s - 2705 = -18*s. Is s prime?
True
Let n be (-1)/1 - (128/8)/(-4). Suppose -2*q = t - 1473, 2*t - 3*q - 7313 = -n*t. Is t prime?
False
Suppose -3*m + 4*m = d - 7392, m + 36980 = 5*d. Is d composite?
True
Suppose 9 = -4*z - 3*n + 1, -2*n = 0. Is (1 + 790)*(-2)/z a composite number?
True
Suppose -4*p + k = -25962, p + 4*k = 2*p - 6483. Is p a prime number?
True
Suppose 0 = -w - 5*s + 10, 0 = -2*w - 2*w - 4*s + 8. Suppose w = 5*o + 3*j - 20467, -16344 = o - 5*o + 5*j. Is o prime?
True
Let r = 139 + 974. Suppose -3*g - 4*g = -r. Is g a prime number?
False
Suppose 5*v = j + 51273, 4*v - 3*v - 10260 = 2*j. Suppose -7*n = -n - v. Is n a composite number?
False
Let a(z) = -2388*z + 78. Let n(y) = -796*y + 26. Let t(k) = 3*a(k) - 8*n(k). Let h be t(-8). Is h/14 - (-2)/7 a prime number?
True
Let d be (-275)/(-10) + (-1)/2. Let w = -23 + d. Suppose 4*a - w*g = g + 3835, -2*g + 10 = 0. Is a composite?
True
Suppose 4*a - 7*i = -6*i + 22231, -27773 = -5*a - 4*i. Is a a composite number?
False
Is (((-180)/2)/(-6))/(6/5674) prime?
False
Let o be ((-30)/36)/(1/(-6)). Let v = o + 1. Is 3*590/v - 2 prime?
True
Is 1 + 14481 - (-15)/(-30)*6 prime?
True
Let g(o) be the third derivative of -o**6/24 - o**5/60 - o**4/24 - o**3/3 - 2*o**2. Suppose -32*d = -15*d + 51. Is g(d) a composite number?
False
Suppose -4757 = -10*z + 21573. Is z prime?
True
Let k = -4170 + 37091. Is k a prime number?
False
Suppose 0 = 2*f - y - 7, 4*y - y + 17 = 5*f. Suppose 0 = -4*q + 2*g - 0*g + 11760, -f*g = 8. Is q prime?
True
Let t(y) = 10*y - 2. Let o be t(2). Let j be 6/o - 4/(-6). Let n = 14 + j. Is n composite?
True
Let o(q) = q**3 + 38*q**2 - 26*q + 30. Is o(-29) prime?
True
Is (-4 - -1)*638/(-6) composite?
True
Let u(h) = -h - 6. Let p = -25 + 21. Let s be u(p). Is ((-23)/s)/((-5)/(-70)) a prime number?
False
Let z(d) = 73*d**3 - d**2 - d + 5. Is z(2) a composite number?
True
Let a(t) = -t**3 + 17*t**2 + 21*t + 41. Let f be a(17). Is f/(-5)*-5*(-5)/(-10) a prime number?
True
Let c = 4459 + -2948. Is c prime?
True
Let m(y) = 9*y**2 + 2*y + 1. Let h be m(-1). Let f = 1 + h. Is 240/f - (-4)/(-6) a composite number?
True
Let g(r) = r**2 + 12*r - 8. Let v be g(-13). Suppose 4*c - 1428 = -5*y, y - v*c - 278 = -2*c. Suppose s = -j + 78, 102 = 5*s + 4*j - y. Is s a prime number?
False
Suppose 0*u - 3*u - 5*j = 11, 3*u - j = 13. Suppose 659 - 227 = u*m. Let k = m + -87. Is k a prime number?
False
Let x = 33992 + -11693. Is x a prime number?
False
Let z(y) = y**3 - 16*y**2 + 34*y + 20. Is z(21) a composite number?
False
Let f(v) = 12*v**2 + 6*v - 62. Let d(j) = -24*j**2 - 12*j + 125. Let x(m) = 3*d(m) + 7*f(m). Is x(-11) a prime number?
True
Let f = 3929 + -2236. Suppose -c + 2*c = f. Is c a prime number?
True
Let v = 2087 + 912. Is v composite?
False
Let d be 1*4/(-22) + 17349/11. Suppose 5*t + 642 = d. Is t a composite number?
True
Let f(w) = 164*w + 91. Is f(5) a composite number?
False
Let u(k) = k**3 + k**2 - k + 55. Suppose 2*m + 7 = 5*s + 6*m, -s + 7 = -2*m. Suppose t = s*t. Is u(t) composite?
True
Let s be (-4)/(-1)*(-1)/2 - -691. Suppose 3*y - h - 2023 = 0, 0*y - y + 4*h = -s. Is y prime?
True
Let b(a) = -19*a**2 + 2*a - 7. Let q be b(3). Let w = 537 + q. Is w composite?
True
Let k(c) = 4043*c**2 - 17*c. Is k(2) composite?
True
Suppose 5*o - 25 = 0, -v = o - 0*o - 211. Suppose 3*z - v - 3940 = 0. Is z a composite number?
True
Let w = -9 - -19. Let m be 5778/45 - (-6)/w. Let n = -50 + m. Is n a composite number?
False
Suppose -3*d - 13 + 16 = 0. Is (d/1)/((-1)/((-4358)/2)) a prime number?
True
Su